{"id":2956,"date":"2021-12-15T11:23:48","date_gmt":"2021-12-15T10:23:48","guid":{"rendered":"http:\/\/www.shijak.gov.al\/?page_id=2951"},"modified":"2026-04-07T12:27:04","modified_gmt":"2026-04-07T12:27:04","slug":"proces-verbalet-e-mbledhjes","status":"publish","type":"page","link":"https:\/\/memaliaj.gov.al\/?page_id=2956","title":{"rendered":"Proces verbalet e mbledhjes"},"content":{"rendered":"<p>[vc_row][vc_column][vc_column_text][\/vc_column_text][\/vc_column][\/vc_row]\n<p><a href=\"https:\/\/memaliaj.gov.al\/wp-content\/uploads\/2026\/04\/Procesverbali-i-dates-30.03.2026.pdf\">Procesverbali i dates 30.03.2026<\/a><\/p>\n<p><a href=\"https:\/\/memaliaj.gov.al\/wp-content\/uploads\/2026\/02\/Procesverbali-i-mbledhjes-se-dates-24.12.2025-2.pdf\">Procesverbali i mbledhjes s\u00eb dat\u00ebs 24.12.2025-2<\/a><\/p>\n<p><a href=\"https:\/\/memaliaj.gov.al\/wp-content\/uploads\/2026\/02\/Procesverbali-i-mbledhjes-se-dates-30.01.2026.pdf\">Procesverbali i mbledhjes s\u00eb dat\u00ebs 30.01.2026<\/a><\/p>\n<p><a href=\"https:\/\/memaliaj.gov.al\/wp-content\/uploads\/2026\/01\/Procesverbali-i-mbledhjes-se-dates-24.12.2025-2.pdf\">Procesverbali i mbledhjes s\u00eb dat\u00ebs 24.12.2025<\/a><\/p>\n<p><a href=\"https:\/\/memaliaj.gov.al\/wp-content\/uploads\/2025\/12\/Procesverbali-i-dates-27.11.2025.pdf\">Procesverbali i dat\u00ebs 27.11.2025<\/a><br \/>\n<a href=\"https:\/\/memaliaj.gov.al\/wp-content\/uploads\/2025\/12\/Procesverbali-i-dates-27.10.2025.pdf\">Procesverbali i dat\u00ebs 27.10.2025<\/a><br \/>\n<a href=\"https:\/\/memaliaj.gov.al\/wp-content\/uploads\/2025\/12\/Procesverbali-i-dates-30.9.2025.pdf\">Procesverbali i dat\u00ebs 30.9.2025<\/a><br \/>\n<a href=\"https:\/\/memaliaj.gov.al\/wp-content\/uploads\/2025\/11\/Procesverbal-2-Gusht-2025.pdf\">Procesverbal 2 Gusht 2025<\/a><br \/>\n<a href=\"https:\/\/memaliaj.gov.al\/wp-content\/uploads\/2025\/11\/Procesverbal-Gusht-2025.pdf\">Procesverbal Gusht 2025<\/a><br \/>\n<a href=\"https:\/\/memaliaj.gov.al\/wp-content\/uploads\/2025\/11\/Procesverbal-2-Qershor-2025-1.pdf\">Procesverbal 2 Qershor 2025<\/a><br \/>\n<a href=\"https:\/\/memaliaj.gov.al\/wp-content\/uploads\/2025\/11\/Procesverbal-Korrik-2025.pdf\">Procesverbal Korrik 2025<\/a><br \/>\n<a href=\"https:\/\/memaliaj.gov.al\/wp-content\/uploads\/2025\/11\/Procesverbal-2-Qershor-2025.pdf\">Procesverbal 2 Qershor 2025<\/a><br \/>\n<a href=\"https:\/\/memaliaj.gov.al\/wp-content\/uploads\/2025\/11\/Procesverbal-Qershor-2025.pdf\">Procesverbal Qershor 2025<\/a><br \/>\n<a href=\"https:\/\/memaliaj.gov.al\/wp-content\/uploads\/2025\/11\/Proces-verbal-Maj-2025.pdf\">Proces verbal Maj 2025<\/a><br \/>\n<a href=\"https:\/\/memaliaj.gov.al\/wp-content\/uploads\/2025\/11\/Proces-verbal-Prill-2025.pdf\">Proces verbal Prill 2025<\/a><br \/>\n<a href=\"https:\/\/memaliaj.gov.al\/wp-content\/uploads\/2025\/11\/Proces-verbal-Mars-2025.pdf\">Proces verbal Mars 2025<\/a><br \/>\n<a href=\"https:\/\/memaliaj.gov.al\/wp-content\/uploads\/2025\/11\/Proces-verbal-Shkurt-2025.pdf\">Proces verbal Shkurt 2025<\/a><br \/>\n<a href=\"https:\/\/memaliaj.gov.al\/wp-content\/uploads\/2025\/11\/Proces-verbal-Janar-2025.pdf\">Proces verbal Janar 2025<\/a><\/p>\n","protected":false},"excerpt":{"rendered":"<p>[vc_row][vc_column][vc_column_text][\/vc_column_text][\/vc_column][\/vc_row] Procesverbali i dates 30.03.2026 Procesverbali i mbledhjes s\u00eb dat\u00ebs 24.12.2025-2 Procesverbali i mbledhjes s\u00eb dat\u00ebs 30.01.2026 Procesverbali i mbledhjes s\u00eb dat\u00ebs 24.12.2025 Procesverbali i dat\u00ebs 27.11.2025 Procesverbali i dat\u00ebs 27.10.2025 Procesverbali i dat\u00ebs 30.9.2025 Procesverbal 2 Gusht 2025 Procesverbal Gusht 2025 Procesverbal 2 Qershor 2025 Procesverbal Korrik 2025 Procesverbal 2 Qershor 2025 Procesverbal Qershor [&hellip;]<\/p>\n","protected":false},"author":1,"featured_media":0,"parent":0,"menu_order":0,"comment_status":"closed","ping_status":"closed","template":"","meta":{"footnotes":""},"class_list":["post-2956","page","type-page","status-publish","hentry"],"_links":{"self":[{"href":"https:\/\/memaliaj.gov.al\/index.php?rest_route=\/wp\/v2\/pages\/2956","targetHints":{"allow":["GET"]}}],"collection":[{"href":"https:\/\/memaliaj.gov.al\/index.php?rest_route=\/wp\/v2\/pages"}],"about":[{"href":"https:\/\/memaliaj.gov.al\/index.php?rest_route=\/wp\/v2\/types\/page"}],"author":[{"embeddable":true,"href":"https:\/\/memaliaj.gov.al\/index.php?rest_route=\/wp\/v2\/users\/1"}],"replies":[{"embeddable":true,"href":"https:\/\/memaliaj.gov.al\/index.php?rest_route=%2Fwp%2Fv2%2Fcomments&post=2956"}],"version-history":[{"count":14,"href":"https:\/\/memaliaj.gov.al\/index.php?rest_route=\/wp\/v2\/pages\/2956\/revisions"}],"predecessor-version":[{"id":3652,"href":"https:\/\/memaliaj.gov.al\/index.php?rest_route=\/wp\/v2\/pages\/2956\/revisions\/3652"}],"wp:attachment":[{"href":"https:\/\/memaliaj.gov.al\/index.php?rest_route=%2Fwp%2Fv2%2Fmedia&parent=2956"}],"curies":[{"name":"wp","href":"https:\/\/api.w.org\/{rel}","templated":true}]}}