{"id":3189,"date":"2022-04-13T10:15:09","date_gmt":"2022-04-13T10:15:09","guid":{"rendered":"https:\/\/iditurihost.com\/bashkiakurbin\/?page_id=3189"},"modified":"2025-11-25T10:40:54","modified_gmt":"2025-11-25T10:40:54","slug":"kendi-i-be-2","status":"publish","type":"page","link":"https:\/\/memaliaj.gov.al\/?page_id=3189","title":{"rendered":"K\u00ebndi i BE"},"content":{"rendered":"<p>[vc_row][vc_column][vc_column_text]\n<p class=\"yiv7719995688MsoNormal\">K\u00ebndi i BE-s\u00eb \u00ebsht\u00eb krijuar me mb\u00ebshtetjen e projektit &#8220;Bashkit\u00eb p\u00ebr n\u00eb Evrop\u00eb&#8221;, i cili financohet nga Delegacioni i Bashkimit Evropian n\u00eb Shqip\u00ebri. Q\u00ebllimi i K\u00ebndit t\u00eb BE-s\u00eb, si pjes\u00eb e\u00a0 Nj\u00ebsis\u00eb s\u00eb Integrimit Evropian n\u00eb bashki, \u00ebsht\u00eb t\u00eb siguroj\u00eb informacion n\u00eb lidhje me BE, institucionet dhe politikat e saj, procesin e Integrimit Evropian t\u00eb Shqip\u00ebris\u00eb n\u00eb BE, si dhe fondet e programet e Bashkimit Evropian t\u00eb vlefshme p\u00ebr bashkit\u00eb , institucionet vendore, grupet e shoq\u00ebris\u00eb civile dhe qytetar\u00ebt.\u00a0<u><\/u>\u00a0<u><\/u><\/p>\n<p class=\"yiv7719995688MsoNormal\">K\u00ebndi i BE-s\u00eb disponon nj\u00eb s\u00ebr\u00eb materialesh informuese\u00a0 n\u00eb lidhje me BE-n\u00eb. T\u00eb gjitha materialet ofrohen falas. Botimet elektronike mund t\u00eb merren p\u00ebrmes post\u00ebs elektronike ose t\u00eb shkarkohen nga faqja e internetit\u00a0<a href=\"http:\/\/www.bpe.al\/\" target=\"_blank\" rel=\"nofollow noopener noreferrer\">www.bpe.al<\/a>\u00a0.\u00a0<u><\/u>\u00a0<u><\/u><\/p>\n<p class=\"yiv7719995688MsoNormal\">Ju mund t\u00eb drejtoni pyetjet tuaja duke ardhur personalisht, n\u00ebp\u00ebrmjet post\u00ebs elektronike\u00a0apo letrave. Ne u p\u00ebrgjigjemi brenda 48 or\u00ebve gjat\u00eb dit\u00ebve t\u00eb jav\u00ebs. N\u00eb ndonj\u00eb rast, mund t&#8217;ju drejtojm\u00eb pran\u00eb autoritetit p\u00ebrkat\u00ebs n\u00eb Shqip\u00ebri.\u00a0<u><\/u><\/p>\n<p>[\/vc_column_text][\/vc_column][\/vc_row]\n<p><a href=\"https:\/\/memaliaj.gov.al\/wp-content\/uploads\/2025\/11\/Memaliaj-Raporti-Performances.docx\">Memaliaj- Raporti Performances<\/a><\/p>\n","protected":false},"excerpt":{"rendered":"<p>[vc_row][vc_column][vc_column_text] K\u00ebndi i BE-s\u00eb \u00ebsht\u00eb krijuar me mb\u00ebshtetjen e projektit &#8220;Bashkit\u00eb p\u00ebr n\u00eb Evrop\u00eb&#8221;, i cili financohet nga Delegacioni i Bashkimit Evropian n\u00eb Shqip\u00ebri. Q\u00ebllimi i K\u00ebndit t\u00eb BE-s\u00eb, si pjes\u00eb e\u00a0 Nj\u00ebsis\u00eb s\u00eb Integrimit Evropian n\u00eb bashki, \u00ebsht\u00eb t\u00eb siguroj\u00eb informacion n\u00eb lidhje me BE, institucionet dhe politikat e saj, procesin e Integrimit Evropian [&hellip;]<\/p>\n","protected":false},"author":1,"featured_media":0,"parent":0,"menu_order":0,"comment_status":"closed","ping_status":"closed","template":"","meta":{"footnotes":""},"class_list":["post-3189","page","type-page","status-publish","hentry"],"_links":{"self":[{"href":"https:\/\/memaliaj.gov.al\/index.php?rest_route=\/wp\/v2\/pages\/3189","targetHints":{"allow":["GET"]}}],"collection":[{"href":"https:\/\/memaliaj.gov.al\/index.php?rest_route=\/wp\/v2\/pages"}],"about":[{"href":"https:\/\/memaliaj.gov.al\/index.php?rest_route=\/wp\/v2\/types\/page"}],"author":[{"embeddable":true,"href":"https:\/\/memaliaj.gov.al\/index.php?rest_route=\/wp\/v2\/users\/1"}],"replies":[{"embeddable":true,"href":"https:\/\/memaliaj.gov.al\/index.php?rest_route=%2Fwp%2Fv2%2Fcomments&post=3189"}],"version-history":[{"count":2,"href":"https:\/\/memaliaj.gov.al\/index.php?rest_route=\/wp\/v2\/pages\/3189\/revisions"}],"predecessor-version":[{"id":3405,"href":"https:\/\/memaliaj.gov.al\/index.php?rest_route=\/wp\/v2\/pages\/3189\/revisions\/3405"}],"wp:attachment":[{"href":"https:\/\/memaliaj.gov.al\/index.php?rest_route=%2Fwp%2Fv2%2Fmedia&parent=3189"}],"curies":[{"name":"wp","href":"https:\/\/api.w.org\/{rel}","templated":true}]}}